                                                                                                                                                                                                                                                                                                                                                                                                                                                                                                                                                                                                                                                                                                                                                                                                                                                                                                                                    {"id":3399,"date":"2023-07-21T20:27:42","date_gmt":"2023-07-21T20:27:42","guid":{"rendered":"https:\/\/parsero.app\/shop\/?post_type=product&#038;p=3399"},"modified":"2023-07-21T20:27:42","modified_gmt":"2023-07-21T20:27:42","slug":"valvula-de-entrada-hidrostatica-graduable","status":"publish","type":"product","link":"https:\/\/parsero.com.co\/tienda\/producto\/valvula-de-entrada-hidrostatica-graduable\/","title":{"rendered":"V\u00e1lvula de entrada hidrost\u00e1tica graduable"},"content":{"rendered":"<p>V\u00e1lvula de entrada hidrost\u00e1tica graduable<\/p>\n","protected":false},"excerpt":{"rendered":"<p>V\u00e1lvula de entrada hidrost\u00e1tica graduable<\/p>\n","protected":false},"featured_media":3400,"template":"","meta":[],"product_cat":[247],"product_tag":[],"_links":{"self":[{"href":"https:\/\/parsero.com.co\/tienda\/wp-json\/wp\/v2\/product\/3399"}],"collection":[{"href":"https:\/\/parsero.com.co\/tienda\/wp-json\/wp\/v2\/product"}],"about":[{"href":"https:\/\/parsero.com.co\/tienda\/wp-json\/wp\/v2\/types\/product"}],"wp:featuredmedia":[{"embeddable":true,"href":"https:\/\/parsero.com.co\/tienda\/wp-json\/wp\/v2\/media\/3400"}],"wp:attachment":[{"href":"https:\/\/parsero.com.co\/tienda\/wp-json\/wp\/v2\/media?parent=3399"}],"wp:term":[{"taxonomy":"product_cat","embeddable":true,"href":"https:\/\/parsero.com.co\/tienda\/wp-json\/wp\/v2\/product_cat?post=3399"},{"taxonomy":"product_tag","embeddable":true,"href":"https:\/\/parsero.com.co\/tienda\/wp-json\/wp\/v2\/product_tag?post=3399"}],"curies":[{"name":"wp","href":"https:\/\/api.w.org\/{rel}","templated":true}]}}