                                                                                                                                                                                                                                                                                                                                                                                                                                                                                                                                                                                                                                                                                                                                                                                                                                                                                                                                    {"id":365,"date":"2020-05-12T16:18:54","date_gmt":"2020-05-12T16:18:54","guid":{"rendered":"https:\/\/parsero.app\/shop\/?page_id=365"},"modified":"2020-07-21T21:04:10","modified_gmt":"2020-07-21T21:04:10","slug":"quienes-somos","status":"publish","type":"page","link":"https:\/\/parsero.com.co\/tienda\/quienes-somos\/","title":{"rendered":"Qui\u00e9nes somos"},"content":{"rendered":"\n<h4>ParSero, es una aplicaci\u00f3n de log\u00edstica avanzada que apoya el crecimiento del sector ferretero y su digitalizaci\u00f3n.<\/h4>\n\n\n\n<p><\/p>\n\n\n\n<h2>\u00bfQu\u00e9 buscamos?<\/h2>\n\n\n\n<ol><li>Maximizar la rentabilidad de los due\u00f1os de las ferreter\u00edas a trav\u00e9s de la reducci\u00f3n del capital de trabajo y los tiempos de entrega.<\/li><li>Optimizar las referencias de alta rotaci\u00f3n reemplazando las de baja rotaci\u00f3n, con un acompa\u00f1amiento comercial y servicio constante.<\/li><li>Entregar a nuestros clientes productos amigables con el medio ambiente, siempre soportados en la filosof\u00eda GANA-GANA para todos y cada uno de los integrantes de la cadena.<\/li><\/ol>\n\n\n\n<div style=\"height:21px\" aria-hidden=\"true\" class=\"wp-block-spacer\"><\/div>\n\n\n\n<h2 class=\"has-text-align-center\">\u00bfC\u00f3mo Funciona?<\/h2>\n\n\n\n<h4 class=\"has-text-align-center\">La app recolecta informaci\u00f3n de todas las fuentes para generar an\u00e1lisis de datos.<\/h4>\n\n\n\n<div style=\"height:21px\" aria-hidden=\"true\" class=\"wp-block-spacer\"><\/div>\n\n\n\n<div class=\"wp-block-image\"><figure class=\"aligncenter size-large is-resized\"><img loading=\"lazy\" src=\"https:\/\/parsero.app\/shop\/wp-content\/uploads\/2020\/05\/ico-sero-1.png\" alt=\"ParSERO\" class=\"wp-image-368\" width=\"185\" height=\"181\"\/><\/figure><\/div>\n\n\n\n<h3 class=\"has-text-align-center subtitulo-como-funciona\">ParSero<\/h3>\n\n\n\n<p class=\"has-text-align-center\">Impulsador de marcas y representante del servicio en punto.<br><strong>Capacita y acompa\u00f1a a los tenderos para aumentar la rentabilidad de sus negocios<\/strong><\/p>\n\n\n\n<div class=\"wp-block-image\"><figure class=\"aligncenter size-large is-resized\"><img loading=\"lazy\" src=\"https:\/\/parsero.app\/shop\/wp-content\/uploads\/2020\/05\/ico-sero-2.png\" alt=\"Ferreter\u00eda\" class=\"wp-image-369\" width=\"185\" height=\"181\"\/><\/figure><\/div>\n\n\n\n<h3 class=\"has-text-align-center subtitulo-como-funciona\">Ferreter\u00eda<\/h3>\n\n\n\n<p class=\"has-text-align-center\"><strong>Usuario y cliente principal de la plataforma.<\/strong> La ferreter\u00eda es el punto de conexi\u00f3n entre el producto y cliente final.<\/p>\n\n\n\n<div class=\"wp-block-image\"><figure class=\"aligncenter size-large is-resized\"><img loading=\"lazy\" src=\"https:\/\/parsero.app\/shop\/wp-content\/uploads\/2020\/05\/ico-sero-3.png\" alt=\"Aliado Transportista\" class=\"wp-image-370\" width=\"185\" height=\"181\"\/><\/figure><\/div>\n\n\n\n<h3 class=\"has-text-align-center subtitulo-como-funciona\">Transportista<\/h3>\n\n\n\n<p class=\"has-text-align-center\">Encargado de la entrega del producto al ferretero.<br><strong>La aplicaci\u00f3n genera la informaci\u00f3n que permite la coordinaci\u00f3n de la entrega.<\/strong><\/p>\n\n\n\n<div class=\"wp-block-image\"><figure class=\"aligncenter size-large is-resized\"><img loading=\"lazy\" src=\"https:\/\/parsero.app\/shop\/wp-content\/uploads\/2020\/05\/ico-sero-4.png\" alt=\"Aliado Bodeguero\" class=\"wp-image-371\" width=\"185\" height=\"181\"\/><\/figure><\/div>\n\n\n\n<h3 class=\"has-text-align-center subtitulo-como-funciona\">Bodeguero<\/h3>\n\n\n\n<p class=\"has-text-align-center\">Contamos con bodegas en diferentes zonas del pa\u00eds que garantizan el cumplimiento de <strong>nuestra promesa de valor.<\/strong><\/p>\n\n\n\n<div class=\"wp-block-image\"><figure class=\"aligncenter size-large is-resized\"><img loading=\"lazy\" src=\"https:\/\/parsero.app\/shop\/wp-content\/uploads\/2020\/05\/ico-sero-5.png\" alt=\"F\u00e1brica\" class=\"wp-image-372\" width=\"185\" height=\"181\"\/><\/figure><\/div>\n\n\n\n<h3 class=\"has-text-align-center subtitulo-como-funciona\">F\u00e1brica<\/h3>\n\n\n\n<p class=\"has-text-align-center\">Fuente de la mercanc\u00eda. Nuestros aliados se caracterizan por la calidad de sus productos y por proteger el medio ambiente.<\/p>\n","protected":false},"excerpt":{"rendered":"<p>ParSero, es una aplicaci\u00f3n de log\u00edstica avanzada que apoya el crecimiento del sector ferretero y su digitalizaci\u00f3n. \u00bfQu\u00e9 buscamos? Maximizar la rentabilidad de los due\u00f1os de las ferreter\u00edas a trav\u00e9s de la reducci\u00f3n del capital de trabajo y los tiempos de entrega. Optimizar las referencias de alta rotaci\u00f3n reemplazando las de baja rotaci\u00f3n, con un [&hellip;]<\/p>\n","protected":false},"author":1,"featured_media":0,"parent":0,"menu_order":0,"comment_status":"closed","ping_status":"closed","template":"info.php","meta":[],"_links":{"self":[{"href":"https:\/\/parsero.com.co\/tienda\/wp-json\/wp\/v2\/pages\/365"}],"collection":[{"href":"https:\/\/parsero.com.co\/tienda\/wp-json\/wp\/v2\/pages"}],"about":[{"href":"https:\/\/parsero.com.co\/tienda\/wp-json\/wp\/v2\/types\/page"}],"author":[{"embeddable":true,"href":"https:\/\/parsero.com.co\/tienda\/wp-json\/wp\/v2\/users\/1"}],"replies":[{"embeddable":true,"href":"https:\/\/parsero.com.co\/tienda\/wp-json\/wp\/v2\/comments?post=365"}],"version-history":[{"count":7,"href":"https:\/\/parsero.com.co\/tienda\/wp-json\/wp\/v2\/pages\/365\/revisions"}],"predecessor-version":[{"id":666,"href":"https:\/\/parsero.com.co\/tienda\/wp-json\/wp\/v2\/pages\/365\/revisions\/666"}],"wp:attachment":[{"href":"https:\/\/parsero.com.co\/tienda\/wp-json\/wp\/v2\/media?parent=365"}],"curies":[{"name":"wp","href":"https:\/\/api.w.org\/{rel}","templated":true}]}}